{"id":299,"date":"2012-09-22T12:25:29","date_gmt":"2012-09-22T10:25:29","guid":{"rendered":"http:\/\/fredrikstad.katolsk.no\/?page_id=299"},"modified":"2015-03-27T13:39:46","modified_gmt":"2015-03-27T12:39:46","slug":"menighetssekretaer","status":"publish","type":"page","link":"https:\/\/fredrikstad.katolsk.no\/?page_id=299","title":{"rendered":"Menighetssekret\u00e6r"},"content":{"rendered":"<h6><strong>Menighetssekret\u00e6r<\/strong><\/h6>\n<h6>Ros\u00e1lia Elisabeth Luk\u00e1csovics Bjerkedal<\/h6>\n<h6>Mobiltelefon: \u00a0906 71 836<\/h6>\n<h6>Privat: e-post:\u00a0<a href=\"mailto:rosalia.bjerkedal@katolsk.no\">rosalia.bjerkedal@katolsk.no<\/a><\/h6>\n<p>E-post til menighetssekret\u00e6r:<span style=\"color: #0000ff;\"> fredrikstad@katolsk.no.<\/span><\/p>\n<p>Kontortid: Onsdag til fredag: kl. 10.00 til 16.00.<\/p>\n<p>&nbsp;<\/p>\n","protected":false},"excerpt":{"rendered":"<p>Menighetssekret\u00e6r Ros\u00e1lia Elisabeth Luk\u00e1csovics Bjerkedal Mobiltelefon: \u00a0906 71 836 Privat: e-post:\u00a0rosalia.bjerkedal@katolsk.no E-post til menighetssekret\u00e6r: fredrikstad@katolsk.no. Kontortid: Onsdag til fredag: kl. 10.00 til 16.00. &nbsp;<\/p>\n","protected":false},"author":3,"featured_media":0,"parent":9,"menu_order":0,"comment_status":"closed","ping_status":"open","template":"sidebar-page.php","meta":{"footnotes":""},"class_list":["post-299","page","type-page","status-publish","hentry"],"_links":{"self":[{"href":"https:\/\/fredrikstad.katolsk.no\/index.php?rest_route=\/wp\/v2\/pages\/299","targetHints":{"allow":["GET"]}}],"collection":[{"href":"https:\/\/fredrikstad.katolsk.no\/index.php?rest_route=\/wp\/v2\/pages"}],"about":[{"href":"https:\/\/fredrikstad.katolsk.no\/index.php?rest_route=\/wp\/v2\/types\/page"}],"author":[{"embeddable":true,"href":"https:\/\/fredrikstad.katolsk.no\/index.php?rest_route=\/wp\/v2\/users\/3"}],"replies":[{"embeddable":true,"href":"https:\/\/fredrikstad.katolsk.no\/index.php?rest_route=%2Fwp%2Fv2%2Fcomments&post=299"}],"version-history":[{"count":9,"href":"https:\/\/fredrikstad.katolsk.no\/index.php?rest_route=\/wp\/v2\/pages\/299\/revisions"}],"predecessor-version":[{"id":2889,"href":"https:\/\/fredrikstad.katolsk.no\/index.php?rest_route=\/wp\/v2\/pages\/299\/revisions\/2889"}],"up":[{"embeddable":true,"href":"https:\/\/fredrikstad.katolsk.no\/index.php?rest_route=\/wp\/v2\/pages\/9"}],"wp:attachment":[{"href":"https:\/\/fredrikstad.katolsk.no\/index.php?rest_route=%2Fwp%2Fv2%2Fmedia&parent=299"}],"curies":[{"name":"wp","href":"https:\/\/api.w.org\/{rel}","templated":true}]}}