{"id":36,"date":"2012-06-10T20:03:15","date_gmt":"2012-06-10T18:03:15","guid":{"rendered":"http:\/\/fredrikstad.katolsk.no\/?page_id=36"},"modified":"2025-10-23T13:09:57","modified_gmt":"2025-10-23T11:09:57","slug":"katekese","status":"publish","type":"page","link":"https:\/\/fredrikstad.katolsk.no\/?page_id=36","title":{"rendered":"Katekese"},"content":{"rendered":"<h6><strong>Kateketene skole\u00e5ret 2025\/2026 er:<\/strong><\/h6>\n<p>&nbsp;<\/p>\n<p>1. klasse: Agnes Budnik<\/p>\n<p>2. klasse: \u00a0Raja Toma Younan og\u00a0Milena Kanabaj<\/p>\n<p>3. klasse &#8211; 1.kommunionsundervisning:<\/p>\n<p>Clarissa Levita og Iselin Mouland\u00a0 \u00a0 \u00a0 \u00a0 \u00a0 \u00a0 \u00a0 \u00a0 Assistent:\u00a0\u00a0Beatrice Bangela<\/p>\n<p>4. klasse:\u00a0 Emmie Braaten<\/p>\n<p>5. klasse: Nicholas Christiansen<\/p>\n<p>6. klasse:\u00a0 M\u00e5lfrid Norg\u00e5rd og Najila Pereira<\/p>\n<p>7. klasse: M\u00e5lfrid Norg\u00e5rd og Najila Pereira<\/p>\n<p>8. klasse: Ray Pereira<\/p>\n<p>Konfirmantundervisning: Peter Kuran\u00a0 \u00a0 \u00a0 \u00a0 \u00a0 \u00a0Assistent:\u00a0 Maria Mouland<\/p>\n<p>Kateketleder:<\/p>\n<p lang=\"nb-NO\">Musikkansvarlig.<\/p>\n<p lang=\"nb-NO\">Kateketvikar:<\/p>\n<p>Alle barn i katekesen m\u00e5 betale en kontingent som g\u00e5r til \u00e5 dekke utgifter til mat og materiell.<\/p>\n<p>Kontingenten er kr. 150,- pr. barn pr. skole\u00e5r.<\/p>\n<p>For 1.kommunionsbarn er kontingenten kr. 400,- pr. skole\u00e5r.<\/p>\n<p>For 8.klasse er kontingenten kr. 300,- pr. skole\u00e5r.<\/p>\n<p>For konfirmantene kr. 800,-.<\/p>\n<p><strong>Katekesens bankkonto: 1503.19.45078.<\/strong><\/p>\n<p>Er du \u00a0ikke katolikk (barn, ungdom eller voksen), men interessert i \u00e5 l\u00e6re mer om den katolske tro? Kontakt sognepresten \ud83d\ude42<\/p>\n<p>1. kommunionsmelding:\u00a0\u00a0<a href=\"http:\/\/fredrikstad.katolsk.no\/wp-content\/uploads\/2018\/08\/OKB-1.kommunion.pdf\">OKB-1.kommunion<\/a><\/p>\n<p>Fermingsmedling:\u00a0\u00a0<a href=\"http:\/\/fredrikstad.katolsk.no\/wp-content\/uploads\/2018\/08\/OKB-Skjema-Fermingsmelding.doc\">OKB Skjema Fermingsmelding<\/a><\/p>\n<p>Innmelding\u00a0 i trosundervisningen:<\/p>\n","protected":false},"excerpt":{"rendered":"<p>Kateketene skole\u00e5ret 2025\/2026 er: &nbsp; 1. klasse: Agnes Budnik 2. klasse: \u00a0Raja Toma Younan og\u00a0Milena Kanabaj 3. klasse &#8211; 1.kommunionsundervisning: Clarissa Levita og Iselin Mouland\u00a0 \u00a0 \u00a0 \u00a0 \u00a0 \u00a0 \u00a0 \u00a0 Assistent:\u00a0\u00a0Beatrice Bangela 4. klasse:\u00a0 Emmie Braaten 5. klasse: &hellip; <a href=\"https:\/\/fredrikstad.katolsk.no\/?page_id=36\">Les videre <span class=\"meta-nav\">&rarr;<\/span><\/a><\/p>\n","protected":false},"author":4,"featured_media":0,"parent":0,"menu_order":0,"comment_status":"closed","ping_status":"open","template":"sidebar-page.php","meta":{"footnotes":""},"class_list":["post-36","page","type-page","status-publish","hentry"],"_links":{"self":[{"href":"https:\/\/fredrikstad.katolsk.no\/index.php?rest_route=\/wp\/v2\/pages\/36","targetHints":{"allow":["GET"]}}],"collection":[{"href":"https:\/\/fredrikstad.katolsk.no\/index.php?rest_route=\/wp\/v2\/pages"}],"about":[{"href":"https:\/\/fredrikstad.katolsk.no\/index.php?rest_route=\/wp\/v2\/types\/page"}],"author":[{"embeddable":true,"href":"https:\/\/fredrikstad.katolsk.no\/index.php?rest_route=\/wp\/v2\/users\/4"}],"replies":[{"embeddable":true,"href":"https:\/\/fredrikstad.katolsk.no\/index.php?rest_route=%2Fwp%2Fv2%2Fcomments&post=36"}],"version-history":[{"count":43,"href":"https:\/\/fredrikstad.katolsk.no\/index.php?rest_route=\/wp\/v2\/pages\/36\/revisions"}],"predecessor-version":[{"id":18136,"href":"https:\/\/fredrikstad.katolsk.no\/index.php?rest_route=\/wp\/v2\/pages\/36\/revisions\/18136"}],"wp:attachment":[{"href":"https:\/\/fredrikstad.katolsk.no\/index.php?rest_route=%2Fwp%2Fv2%2Fmedia&parent=36"}],"curies":[{"name":"wp","href":"https:\/\/api.w.org\/{rel}","templated":true}]}}